{"id":10,"date":"2012-01-11T15:29:29","date_gmt":"2012-01-11T15:29:29","guid":{"rendered":"http:\/\/www.ofenbau-krezdorn.com\/?page_id=10"},"modified":"2017-05-18T14:13:58","modified_gmt":"2017-05-18T14:13:58","slug":"planung","status":"publish","type":"page","link":"https:\/\/www.ofenbau-krezdorn.com\/?page_id=10","title":{"rendered":"Planung"},"content":{"rendered":"<p>Viele Kunden \u00e4u\u00dfern den Wunsch nach einem dekorativen Ofen, der wohlige W\u00e4rme spendet, aber nicht als Heizung gedacht ist. Sie glauben, keinen Ofen zu brauchen, der auch noch speichert. Stimmt dies? Nein. Das Gegenteil ist der Fall. Um nicht in Spitzenzeiten zu \u00fcberheizen und dann lange Zeit zu wenig W\u00e4rme zu haben, gibt es die Technik des Speicherofens. Dieser verteilt die W\u00e4rme angenehm \u00fcber einen l\u00e4ngeren Zeitraum.<br \/>\nSie sehen also schon: Es gibt sehr viel, was man rund um den Ofen wissen muss. Wir beraten Sie umfassend und bauen Ihnen Ihren Traumofen &#8211; sozusagen \u00e0 la carte. Damit er dann auch optimal Ihren W\u00fcnschen und Vorstellungen entspricht, fertigen wir vorab die entsprechenden Skizzen und Zeichnungen an.<\/p>\n<p>&nbsp;<\/p>\n<h3><span style=\"color: #888888;\">Wir helfen Ihnen bei der Verwirklichung Ihrer Tr\u00e4ume rund ums Feuer. Rufen Sie uns unverbindlich an! Tel. +39 340 41 21 980<br \/>\n<\/span><\/h3>\n","protected":false},"excerpt":{"rendered":"<p>Viele Kunden \u00e4u\u00dfern den Wunsch nach einem dekorativen Ofen, der wohlige W\u00e4rme spendet, aber nicht als Heizung gedacht ist. Sie glauben, keinen Ofen zu brauchen, der auch noch speichert. Stimmt dies? Nein. Das Gegenteil ist [&hellip;]<\/p>\n","protected":false},"author":1,"featured_media":126,"parent":0,"menu_order":0,"comment_status":"open","ping_status":"open","template":"","meta":[],"acf":[],"yoast_head":"<!-- This site is optimized with the Yoast SEO plugin v19.3 - https:\/\/yoast.com\/wordpress\/plugins\/seo\/ -->\n<title>Ofenbau S\u00fcdtirol \u2013 Krezdorn in Passeier, \u00d6fen und Herde<\/title>\n<meta name=\"description\" content=\"Ofenbau S\u00fcdtirol, Planung: Damit der Ofen Ihren Vorstellungen entspricht, fertigen wir vorab die entsprechenden Skizzen und Zeichnungen an.\" \/>\n<meta name=\"robots\" content=\"index, follow, max-snippet:-1, max-image-preview:large, max-video-preview:-1\" \/>\n<link rel=\"canonical\" href=\"https:\/\/www.ofenbau-krezdorn.com\/?page_id=10\" \/>\n<meta property=\"og:locale\" content=\"de_DE\" \/>\n<meta property=\"og:type\" content=\"article\" \/>\n<meta property=\"og:title\" content=\"Ofenbau S\u00fcdtirol \u2013 Krezdorn in Passeier, \u00d6fen und Herde\" \/>\n<meta property=\"og:description\" content=\"Ofenbau S\u00fcdtirol, Planung: Damit der Ofen Ihren Vorstellungen entspricht, fertigen wir vorab die entsprechenden Skizzen und Zeichnungen an.\" \/>\n<meta property=\"og:url\" content=\"https:\/\/www.ofenbau-krezdorn.com\/?page_id=10\" \/>\n<meta property=\"og:site_name\" content=\"Ofensetzer Florian Krezdorn\" \/>\n<meta property=\"article:modified_time\" content=\"2017-05-18T14:13:58+00:00\" \/>\n<meta property=\"og:image\" content=\"https:\/\/www.ofenbau-krezdorn.com\/wp-content\/uploads\/2012\/01\/planung1.jpg\" \/>\n\t<meta property=\"og:image:width\" content=\"680\" \/>\n\t<meta property=\"og:image:height\" content=\"250\" \/>\n\t<meta property=\"og:image:type\" content=\"image\/jpeg\" \/>\n<meta name=\"twitter:card\" content=\"summary\" \/>\n<meta name=\"twitter:label1\" content=\"Gesch\u00e4tzte Lesezeit\" \/>\n\t<meta name=\"twitter:data1\" content=\"1\u00a0Minute\" \/>\n<script type=\"application\/ld+json\" class=\"yoast-schema-graph\">{\"@context\":\"https:\/\/schema.org\",\"@graph\":[{\"@type\":\"WebSite\",\"@id\":\"https:\/\/www.ofenbau-krezdorn.com\/#website\",\"url\":\"https:\/\/www.ofenbau-krezdorn.com\/\",\"name\":\"Ofensetzer Florian Krezdorn\",\"description\":\"St. Martin in Passeier\",\"potentialAction\":[{\"@type\":\"SearchAction\",\"target\":{\"@type\":\"EntryPoint\",\"urlTemplate\":\"https:\/\/www.ofenbau-krezdorn.com\/?s={search_term_string}\"},\"query-input\":\"required name=search_term_string\"}],\"inLanguage\":\"de\"},{\"@type\":\"ImageObject\",\"inLanguage\":\"de\",\"@id\":\"https:\/\/www.ofenbau-krezdorn.com\/?page_id=10#primaryimage\",\"url\":\"https:\/\/www.ofenbau-krezdorn.com\/wp-content\/uploads\/2012\/01\/planung1.jpg\",\"contentUrl\":\"https:\/\/www.ofenbau-krezdorn.com\/wp-content\/uploads\/2012\/01\/planung1.jpg\",\"width\":\"680\",\"height\":\"250\"},{\"@type\":\"WebPage\",\"@id\":\"https:\/\/www.ofenbau-krezdorn.com\/?page_id=10\",\"url\":\"https:\/\/www.ofenbau-krezdorn.com\/?page_id=10\",\"name\":\"Ofenbau S\u00fcdtirol \u2013 Krezdorn in Passeier, \u00d6fen und Herde\",\"isPartOf\":{\"@id\":\"https:\/\/www.ofenbau-krezdorn.com\/#website\"},\"primaryImageOfPage\":{\"@id\":\"https:\/\/www.ofenbau-krezdorn.com\/?page_id=10#primaryimage\"},\"datePublished\":\"2012-01-11T15:29:29+00:00\",\"dateModified\":\"2017-05-18T14:13:58+00:00\",\"description\":\"Ofenbau S\u00fcdtirol, Planung: Damit der Ofen Ihren Vorstellungen entspricht, fertigen wir vorab die entsprechenden Skizzen und Zeichnungen an.\",\"breadcrumb\":{\"@id\":\"https:\/\/www.ofenbau-krezdorn.com\/?page_id=10#breadcrumb\"},\"inLanguage\":\"de\",\"potentialAction\":[{\"@type\":\"ReadAction\",\"target\":[\"https:\/\/www.ofenbau-krezdorn.com\/?page_id=10\"]}]},{\"@type\":\"BreadcrumbList\",\"@id\":\"https:\/\/www.ofenbau-krezdorn.com\/?page_id=10#breadcrumb\",\"itemListElement\":[{\"@type\":\"ListItem\",\"position\":1,\"name\":\"Startseite\",\"item\":\"https:\/\/www.ofenbau-krezdorn.com\/\"},{\"@type\":\"ListItem\",\"position\":2,\"name\":\"Planung\"}]}]}<\/script>\n<!-- \/ Yoast SEO plugin. -->","yoast_head_json":{"title":"Ofenbau S\u00fcdtirol \u2013 Krezdorn in Passeier, \u00d6fen und Herde","description":"Ofenbau S\u00fcdtirol, Planung: Damit der Ofen Ihren Vorstellungen entspricht, fertigen wir vorab die entsprechenden Skizzen und Zeichnungen an.","robots":{"index":"index","follow":"follow","max-snippet":"max-snippet:-1","max-image-preview":"max-image-preview:large","max-video-preview":"max-video-preview:-1"},"canonical":"https:\/\/www.ofenbau-krezdorn.com\/?page_id=10","og_locale":"de_DE","og_type":"article","og_title":"Ofenbau S\u00fcdtirol \u2013 Krezdorn in Passeier, \u00d6fen und Herde","og_description":"Ofenbau S\u00fcdtirol, Planung: Damit der Ofen Ihren Vorstellungen entspricht, fertigen wir vorab die entsprechenden Skizzen und Zeichnungen an.","og_url":"https:\/\/www.ofenbau-krezdorn.com\/?page_id=10","og_site_name":"Ofensetzer Florian Krezdorn","article_modified_time":"2017-05-18T14:13:58+00:00","og_image":[{"width":"680","height":"250","url":"https:\/\/www.ofenbau-krezdorn.com\/wp-content\/uploads\/2012\/01\/planung1.jpg","type":"image\/jpeg"}],"twitter_card":"summary","twitter_misc":{"Gesch\u00e4tzte Lesezeit":"1\u00a0Minute"},"schema":{"@context":"https:\/\/schema.org","@graph":[{"@type":"WebSite","@id":"https:\/\/www.ofenbau-krezdorn.com\/#website","url":"https:\/\/www.ofenbau-krezdorn.com\/","name":"Ofensetzer Florian Krezdorn","description":"St. Martin in Passeier","potentialAction":[{"@type":"SearchAction","target":{"@type":"EntryPoint","urlTemplate":"https:\/\/www.ofenbau-krezdorn.com\/?s={search_term_string}"},"query-input":"required name=search_term_string"}],"inLanguage":"de"},{"@type":"ImageObject","inLanguage":"de","@id":"https:\/\/www.ofenbau-krezdorn.com\/?page_id=10#primaryimage","url":"https:\/\/www.ofenbau-krezdorn.com\/wp-content\/uploads\/2012\/01\/planung1.jpg","contentUrl":"https:\/\/www.ofenbau-krezdorn.com\/wp-content\/uploads\/2012\/01\/planung1.jpg","width":"680","height":"250"},{"@type":"WebPage","@id":"https:\/\/www.ofenbau-krezdorn.com\/?page_id=10","url":"https:\/\/www.ofenbau-krezdorn.com\/?page_id=10","name":"Ofenbau S\u00fcdtirol \u2013 Krezdorn in Passeier, \u00d6fen und Herde","isPartOf":{"@id":"https:\/\/www.ofenbau-krezdorn.com\/#website"},"primaryImageOfPage":{"@id":"https:\/\/www.ofenbau-krezdorn.com\/?page_id=10#primaryimage"},"datePublished":"2012-01-11T15:29:29+00:00","dateModified":"2017-05-18T14:13:58+00:00","description":"Ofenbau S\u00fcdtirol, Planung: Damit der Ofen Ihren Vorstellungen entspricht, fertigen wir vorab die entsprechenden Skizzen und Zeichnungen an.","breadcrumb":{"@id":"https:\/\/www.ofenbau-krezdorn.com\/?page_id=10#breadcrumb"},"inLanguage":"de","potentialAction":[{"@type":"ReadAction","target":["https:\/\/www.ofenbau-krezdorn.com\/?page_id=10"]}]},{"@type":"BreadcrumbList","@id":"https:\/\/www.ofenbau-krezdorn.com\/?page_id=10#breadcrumb","itemListElement":[{"@type":"ListItem","position":1,"name":"Startseite","item":"https:\/\/www.ofenbau-krezdorn.com\/"},{"@type":"ListItem","position":2,"name":"Planung"}]}]}},"_links":{"self":[{"href":"https:\/\/www.ofenbau-krezdorn.com\/index.php?rest_route=\/wp\/v2\/pages\/10"}],"collection":[{"href":"https:\/\/www.ofenbau-krezdorn.com\/index.php?rest_route=\/wp\/v2\/pages"}],"about":[{"href":"https:\/\/www.ofenbau-krezdorn.com\/index.php?rest_route=\/wp\/v2\/types\/page"}],"author":[{"embeddable":true,"href":"https:\/\/www.ofenbau-krezdorn.com\/index.php?rest_route=\/wp\/v2\/users\/1"}],"replies":[{"embeddable":true,"href":"https:\/\/www.ofenbau-krezdorn.com\/index.php?rest_route=%2Fwp%2Fv2%2Fcomments&post=10"}],"version-history":[{"count":11,"href":"https:\/\/www.ofenbau-krezdorn.com\/index.php?rest_route=\/wp\/v2\/pages\/10\/revisions"}],"predecessor-version":[{"id":438,"href":"https:\/\/www.ofenbau-krezdorn.com\/index.php?rest_route=\/wp\/v2\/pages\/10\/revisions\/438"}],"wp:featuredmedia":[{"embeddable":true,"href":"https:\/\/www.ofenbau-krezdorn.com\/index.php?rest_route=\/wp\/v2\/media\/126"}],"wp:attachment":[{"href":"https:\/\/www.ofenbau-krezdorn.com\/index.php?rest_route=%2Fwp%2Fv2%2Fmedia&parent=10"}],"curies":[{"name":"wp","href":"https:\/\/api.w.org\/{rel}","templated":true}]}}